at is z(-4)?
1
Let n(d) be the third derivative of d**5/60 - d**4/24 - d**3/6 - d**2. Let i = 6 + -5. Let j be i*((4 - 2) + -3). What is n(j)?
1
Let t(p) = p**3 + 5*p**2 - 4*p + 7. Let o = -4 - 0. Let z = -10 - o. Let k be t(z). Let c(i) = -i**3 - 6*i**2 - 7*i - 5. What is c(k)?
5
Let l(u) = -u - 5. Let t = 11 + 4. Let j be 84/t - (-9)/(-15). Calculate l(j).
-10
Let u be 26/(-5) + 2/10. Let r be 2/4 + 49/14. Let l(g) = g - 4*g - 6 + r*g - 3*g. What is l(u)?
4
Let m(x) = -x - 2. Let y(b) = -11*b - 27. Let u(g) = -5*g - 13. Let r(p) = -13*u(p) + 6*y(p). Let a be r(10). Determine m(a).
1
Let q(d) = 7*d. Let j = -8 + 14. Let p = -7 + j. What is q(p)?
-7
Suppose 0 = m + 4*m. Let c(p) = -2*p + 1. Let d be 9*-1 - (-3 - -3). Let u(v) = v. Let w(y) = d*u(y) - 4*c(y). Determine w(m).
-4
Let r(b) = b**3 + b**2 + b - 6. Let h = -45 - -45. Determine r(h).
-6
Suppose 18 = 2*a + a. Let l(x) = -3*x + 12. Let n(o) = -1. Let r(z) = a*n(z) + l(z). Calculate r(4).
-6
Let w(i) = 15*i - 3. Let c(p) = 2*p - 7*p + 1 + p. Let x(s) = 22*c(s) + 6*w(s). Give x(-6).
-8
Let x(r) = r**2 + 6*r + 11. Let y be x(-8). Let o be (-2 - y/(-6))*-2. Let b(m) = -3 + 3*m - m + 4*m + m**2. Determine b(o).
-8
Let g(z) = -6 - 2*z + 0*z + z. Determine g(0).
-6
Suppose -2*j + 4 + 4 = 0. Let p(d) = d**2 - 15*d - 5. Let o(f) = f**2 - 17*f - 6. Let i(a) = 5*o(a) - 6*p(a). Calculate i(j).
4
Let x = -6 + 12. Let l(f) = 3*f - 6*f**2 + 2 - 4*f + 0*f + f**3. Give l(x).
-4
Let a(x) = -x + 2. Let r(w) = -w**2 - 3*w - 2. Let h be r(-2). Suppose h*t - 5 = -5*t. Let o be (-2 + t)*2 + 0. Give a(o).
4
Let a(y) = -20*y**2 - 11*y - 5. Let d(n) = 4*n**2 + 2*n + 1. Let c(g) = 2*a(g) + 11*d(g). What is c(-2)?
17
Suppose 2*k - 4*k = -20. Let l(v) = 6*v + v - k*v**2 + 3*v**2 - 2 + v**3. Determine l(6).
4
Let s(h) be the third derivative of h**7/840 + h**5/120 + h**4/12 + h**3/6 + h**2. Let a(p) be the first derivative of s(p). What is a(0)?
2
Suppose b = -0*v - 5*v - 2, v = -5*b - 10. Let x(s) = 4 + 5*s - 5 + v - 9*s. What is x(-3)?
11
Let c(h) be the third derivative of -h**4/3 + h**3/6 + 36*h**2. Give c(1).
-7
Let g(k) = -k + 6. Suppose -21 - 14 = -5*t. Calculate g(t).
-1
Let d = -1 - 0. Let g(m) = -3*m**3 + m**2 + m + 1. Let r be g(-1). Let f(q) = -3 + 7 - 3 + r*q**2. Give f(d).
5
Let n(h) = h**2 + 7*h - 5. Let r be n(-7). Let i be (5 + r)/(2*1). Let f(z) = -z**2 - z - 2. Determine f(i).
-2
Let i(s) be the second derivative of s**4/12 + 7*s**3/6 + 7*s**2/2 + 2*s. Let d be i(-6). Let r(w) = -4*w**3 - w**2 + 1. Determine r(d).
-4
Let u(r) = r**2. Let h(s) = -s**3 + 7*s**2 + 2. Let c be h(7). Suppose 3*j = c*j + 2. Calculate u(j).
4
Let u(d) be the first derivative of 3*d**2/2 - d - 1. Suppose 5*f = 2*b + 2, 3*b - 4*f + 2 = b. What is u(b)?
-4
Let r = 14 + -20. Let m(p) = -p**2 - 6*p + 4. Calculate m(r).
4
Let k(p) = -6 - 10*p**2 + 2*p**2 - 6*p + p**3 + p + 4*p**2. Determine k(5).
-6
Let m(j) be the second derivative of -j**5/20 - j**4/2 - j**3 - 2*j**2 + 4*j. Calculate m(-5).
1
Let m(d) = d**3 - 4*d - 1. Let k = 28 + -25. What is m(k)?
14
Let c(v) be the first derivative of v**2/2 - 13*v - 9. Give c(6).
-7
Let j(k) = -2*k**2 - 5*k - 3. Let b(y) = y**2 - 23*y + 38. Let g be b(21). Give j(g).
-15
Let t = -6 - -10. Let c(y) = -3*y - y**2 + 0 + 1 + 1 - 2*y**2 + y**3. Calculate c(t).
6
Let o(s) = -1 - s + 2 - 2 + 2*s. Let a(b) = -7*b**3 - 6*b + 3. Let z(g) = a(g) + 4*o(g). Determine z(-1).
8
Let b be ((-4)/(-10))/((-3)/(-60)). Let m = -3 + b. Let w(r) = r**2 - r - 1. Let i(a) = -3*a**2 + 5. Let n(x) = i(x) + 4*w(x). Give n(m).
6
Suppose 5*g = 5*y, 0 = -g - 0*g + 1. Let a(b) = b**3 - b**2 - 3*b. Let f(i) = -i**2. Let z(k) = y*a(k) + f(k). Calculate z(3).
0
Let a be (1 + -1)/(-2) + 3. Let y(s) be the first derivative of -s**2 - 1 + 4 + 4*s - 2. Give y(a).
-2
Let j(v) = v - 3. Let r be j(6). Suppose -5 = -4*b + 3. Let q(n) = n**2 - n**b + 4*n**2 - 4*n + 4 - n**3. Give q(r).
1
Let v(u) = 0 + u**2 + 2*u - 5 - u - 4*u. Determine v(4).
-1
Suppose 4*f + x = 3*f + 1, f - 2 = -2*x. Let q(m) = m - 4 + f + 2. Calculate q(-5).
-7
Suppose -5*s + 4*y = -32, s + 4*s + 2*y = 14. Let c(k) be the second derivative of 1/12*k**s + 3*k + k**2 + 0 - 1/3*k**3. Calculate c(2).
2
Let h(c) be the third derivative of c**4/24 + 19*c**3/6 - 16*c**2 - 2. What is h(-8)?
11
Let s be ((-6)/(-9))/((-4)/(-42)). Let w(v) = -9*v**2 + s*v**2 + 1 - 8*v**2. Suppose -j - 3*j = -4. Give w(j).
-9
Let i(g) = -g**3 + 6*g**2 - 4*g - 1. Suppose 0 = 2*f - 2*c - 14, 5*c - 2*c = -2*f + 4. Give i(f).
4
Let s(p) = p**3 - 6*p**2 + 2*p - 7. Suppose -28 = 3*v - 7. Let d be (24/(-28))/(1/v). Determine s(d).
5
Let u = -918 - -924. Let p(a) = -a**2 + 7*a - 3. Let y(n) = -1. Let s(t) = p(t) - 2*y(t). Give s(u).
5
Let y(t) = -11*t - 23. Let b(k) = -5*k - 10. Let p(d) = 9*b(d) - 4*y(d). Let f = -4 - -6. What is p(f)?
0
Let s(m) = m - 3. Let x be s(2). Let h(n) = -1 + 0*n**2 + 2*n**3 + n**2 - n - 3*n**3 + 0*n**2. Calculate h(x).
2
Let t be 0*1/(-3) + -4. Let h = 6 + t. Let i(g) = g**2 - g + 1. Give i(h).
3
Let u(q) = -q**3 + 3*q + 3. Let w(i) = i**2 - 6*i - 9. Let d be w(7). Give u(d).
5
Let i(f) be the second derivative of 0*f**3 - 1/2*f**2 - 3/4*f**4 + 3*f + 0. What is i(-1)?
-10
Let j(v) = v**2 + 8*v + 6. Suppose -53 = -q - 59. Calculate j(q).
-6
Let y(h) = h + 10. Let x(n) = 2*n + 12. Let v(k) = 6*x(k) - 7*y(k). Determine v(-6).
-28
Let n = -5 + 8. Suppose l - n = -2*l. Let f(k) = -3 - 4 + k + l - 5. Give f(5).
-6
Let l be 5 - (-5)/((-5)/3). Suppose 0 = 5*g + f - 10, 4*f = l*g - 5*g + 6. Let n(u) = -2*u - g + 7 - 2. Determine n(5).
-7
Let o be 1*-2 - -2 - 0. Let x(m) = -1 + o + 2 - m**2 + 6*m - 2*m. Calculate x(5).
-4
Let m(q) be the third derivative of -q**6/24 + q**3/6 - 9*q**2. Give m(1).
-4
Suppose 3*f = -0 - 3. Let v(g) be the third derivative of -g**5/60 - 2*g**2. Determine v(f).
-1
Let f be ((-21)/4 + 2)*4. Let r = f - -19. Let j(u) = u**2 - 7*u + 5. Give j(r).
-1
Let s(r) = -r**3 - r**2 + r + 1. Let t be 20/(-60) - (2 + 14/(-6)). Give s(t).
1
Let x = 3 - 1. Let q(w) = -2 + 1 - 2*w**x - 6*w - 1 - 1. Give q(-4).
-11
Let a(x) = -x**2 - 2*x + 2. Suppose -23*c + 12 = -26*c. What is a(c)?
-6
Let z = -6 + 18. Suppose 2*m = 5*m - z. Suppose m*i = 2 - 14. Let g(a) = -2*a - 1. What is g(i)?
5
Let j be (-20)/(-12) - (-5)/15. Let m(f) be the second derivative of f**3/2 + f. What is m(j)?
6
Let n(o) be the third derivative of -o**4/8 + 7*o**3/6 - 2*o**2. Suppose -m + 41 = 3*m - 3*a, 5*m - 3*a = 49. Let r = m - 3. Give n(r).
-8
Let g(d) be the second derivative of -d**3/6 + 3*d**2/2 - d. Let a be 16/24 - (-1)/3. Let i be 2/8 + a/(-4). Determine g(i).
3
Let d(r) = -3 + r**2 - 2*r**2 - 3*r + 2*r**2 + 6*r. Let c be -1 + 27 + (-1 - -3). Suppose -5*h - 8 = -3*u, 4*h + 0*h + 3*u = -c. Determine d(h).
1
Let c be 6 - -1*(0 + 1). Let p = c + -4. Let v(y) = -y**2 + 5 + y**p - 2*y - 2*y**2 - 3. Determine v(3).
-4
Let p(q) = q - 4. Let w be 40/8 + (3 - 0). Let r = 4 - w. What is p(r)?
-8
Suppose 1 + 1 = d. Let p(z) = 4*z**2 - d + z - 3*z**2 + z. Determine p(-3).
1
Let c(p) = 4*p**2 - 8*p + 4. Let l(w) = -w**2 + w. Let n(b) = c(b) + 5*l(b). Calculate n(-4).
0
Let h(k) be the first derivative of k - 1 - 1/2*k**2 + 1/3*k**3. Calculate h(3).
7
Let q(o) = -o**2 + o + 2. Let u(f) = -f**3 + 5*f**2 - 4*f - 3. Let a be u(4). Let b(w) = w**2 - 3*w - 3. Let z be b(4). Let p be z/a*(-8 - -8). Calculate q(p).
2
Let j(z) be the second derivative of z**5/60 + z**4/24 + z**3/2 - 3*z. Let l(s) be the second derivative of j(s). What is l(2)?
5
Let h(x) = -x**2 + 2*x + 1. Suppose 2*c = 3*j - 5, c + 6 = -5*j - 3. What is h(j)?
-2
Let v(d) be the second derivative of -6*d**2 - 1/6*d**3 + 0 - 3*d. Give v(-5).
-7
Let z(v) be the second derivative of v**5/4 + v**3/3 + v**2/2 - v. Let x be 11/9 - 12/54. Suppose 0*n - n = x. Calculate z(n).
-6
Let d(q) be the first derivative of -q**3/3 - 8*q**2 - 22*q - 52. Determine d(-15).
-7
Let g(n) = -3*n - 4. Let o(y) = y + 1. Let v(m) = -g(m) - 2*o(m). Let w = 0 + 7. Calculate v(w).
9
Let m(i) be the second derivative of -1/6*i**3 + 3*i - 1/2*i**2 + 0. Determine m(-1).
0
Let a be (-1)/(-2) + 3/2. Suppose -a*d = -4*o - 16, -o = -2*d - 0*o + 1. Let b = 3 - d. Let r(m) = m - 1. Give r(b).
4
Let f(d) = -9*d**2 - 3*d - 5. Let v(l) = 14*l**2 + 4*l + 8. Let h be (3 + 2/(-1))*-